{"id":9,"date":"2018-06-16T02:05:35","date_gmt":"2018-06-16T02:05:35","guid":{"rendered":"https:\/\/www.teklinealarmes.com.br\/site\/?page_id=9"},"modified":"2019-01-23T11:28:18","modified_gmt":"2019-01-23T13:28:18","slug":"a-empresa","status":"publish","type":"page","link":"https:\/\/www.teklinealarmes.com.br\/site\/a-empresa\/","title":{"rendered":"A Empresa"},"content":{"rendered":"<p>Fundada em mar\u00e7o de 2017, a tekline seguran\u00e7a iniciou ent\u00e3o sua caminhada, partindo de uma sociedade entre amigos. Ap\u00f3s v\u00e1rios anos trabalhando no ramo de instala\u00e7\u00e3o sentimos a necessidade de abrir nosso pr\u00f3prio neg\u00f3cio.<\/p>\n<p>Iniciamos a empresa em uma pequena garagem por\u00e9m com muita vontade de crescer. Logo mudamos de endere\u00e7o, se instalando na Rua Mauricio Cardoso 152, centro de Frederico Westphalen- RS.<\/p>\n<p>A Tekline \u00e9 uma empresa especializada em seguran\u00e7a eletr\u00f4nica que conta com profissionais altamente qualificados, em constante atualiza\u00e7\u00e3o, visando a excel\u00eancia no atendimento e a satisfa\u00e7\u00e3o total de seus clientes.<\/p>\n<p>A Tekline oferece produtos de qualidade que se ad\u00e9quam ao perfil de grandes, m\u00e9dias, pequenas empresas e Residencias .<\/p>\n<p>&nbsp;<\/p>\n<blockquote><p><strong><em>MISS\u00c3O<\/em><\/strong><strong><em><br \/>\n<\/em><\/strong>Superar as expectativas e levar ao cliente solu\u00e7\u00f5es inteligentes e adequadas \u00e0s suas necessidades.<\/p>\n<p><strong><em>VIS\u00c3O<\/em><\/strong><strong><em><br \/>\n<\/em><\/strong>Ser refer\u00eancia na regi\u00e3o onde atua, na \u00e1rea de sistemas de seguran\u00e7a, instala\u00e7\u00e3o, manuten\u00e7\u00e3o e monitoramento 24 horas.<\/p><\/blockquote>\n<div style=\"display: none;\">\n<p>cercas eletr\u00f4nicas frederico westphalen alarmes frederico westphalen, inform\u00e1tica em frederico westphalen, tekline, frederico westphalen RS, tekline e c\u00e2meras de seguran\u00e7a frederico westphalen<\/p>\n<h1>tekline em frederico westphalen,\u00a0inform\u00e1tica frederico westphalen, alarmes frederico westphalen,<\/h1>\n<h2>tekline em frederico westphalen, cercas eletr\u00f4nicas frederico westphalen e regi\u00e3o, alarmes frederico westphalen em frederico westphalen, tekline inform\u00e1tica frederico westphalen, tekline em frederico westphalen rs, tekline, para frederico westphalen e regi\u00e3o, tekline para frederico westphalen e regi\u00e3o\u00a0c\u00e2meras de seguran\u00e7a frederico westphalen de tekline em frederico westphalen, cercas eletr\u00f4nicas frederico westphalen e regi\u00e3o, alarmes frederico westphalen em frederico westphalen, tekline inform\u00e1tica frederico westphalen, tekline em frederico westphalen rs, tekline,<a title=\"c\u00e2meras de seguran\u00e7a frederico westphalen de tekline em frederico westphalen, cercas eletr\u00f4nicas frederico westphalen e regi\u00e3o, alarmes frederico westphalen em frederico westphalen, tekline inform\u00e1tica frederico westphalen, tekline em frederico westphalen rs, tekline, para frederico westphalen e regi\u00e3o, tekline para frederico westphalen e regi\u00e3o\" href=\"http:\/\/www.teklinealarmes.com.br\">para frederico westphalen e regi\u00e3o, tekline para frederico westphalen e regi\u00e3o\u00a0c\u00e2meras de seguran\u00e7a frederico westphalen de tekline em frederico westphalen, cercas eletr\u00f4nicas frederico westphalen e regi\u00e3o, alarmes frederico westphalen em frederico westphalen, tekline inform\u00e1tica frederico westphalen, tekline em frederico westphalen rs, tekline<\/a>, para frederico westphalen e regi\u00e3o, tekline para frederico westphalen e regi\u00e3o\u00a0c\u00e2meras de seguran\u00e7a frederico westphalen de tekline em frederico westphalen, cercas eletr\u00f4nicas frederico westphalen e regi\u00e3o, alarmes frederico westphalen em frederico westphalen, tekline inform\u00e1tica frederico westphalen, tekline em frederico westphalen rs, tekline, para frederico westphalen e regi\u00e3o, tekline para frederico westphalen e regi\u00e3o\u00a0c\u00e2meras de seguran\u00e7a frederico westphalen de tekline em frederico westphalen, cercas eletr\u00f4nicas frederico westphalen e regi\u00e3o, alarmes frederico westphalen em frederico westphalen, tekline inform\u00e1tica frederico westphalen, tekline em frederico westphalen rs, tekline, para frederico westphalen e regi\u00e3o,<a title=\"c\u00e2meras de seguran\u00e7a frederico westphalen de tekline em frederico westphalen, cercas eletr\u00f4nicas frederico westphalen e regi\u00e3o, alarmes frederico westphalen em frederico westphalen, tekline inform\u00e1tica frederico westphalen, tekline em frederico westphalen rs, tekline, para frederico westphalen e regi\u00e3o, tekline para frederico westphalen e regi\u00e3o\" href=\"https:\/\/www.teklinealarmes.com.br\/site\">tekline para frederico westphalen e regi\u00e3o\u00a0c\u00e2meras de seguran\u00e7a frederico westphalen de tekline em frederico westphalen, cercas eletr\u00f4nicas frederico westphalen e regi\u00e3o, cria\u00e7\u00e3o de sit<\/a>es em frederico westphalen, tekline inform\u00e1tica frederico westphalen, tekline em frederico westphalen rs, tekline, para frederico westphalen e regi\u00e3o, tekline para frederico westphalen e regi\u00e3o<\/h2>\n<div id=\"attachment_747\" style=\"width: 353px\" class=\"wp-caption aligncenter\"><a href=\"https:\/\/www.teklinealarmes.com.br\/site\/wp-content\/uploads\/2013\/06\/per\u00edcia-m\u00e9dica-passo-fundo-rs.jpg\"><img aria-describedby=\"caption-attachment-747\" decoding=\"async\" loading=\"lazy\" class=\"size-full wp-image-747 \" title=\"c\u00e2meras de seguran\u00e7a frederico westphalen de tekline em frederico westphalen\" src=\"https:\/\/www.teklinealarmes.com.br\/site\/wp-content\/uploads\/2013\/06\/per\u00edcia-m\u00e9dica-passo-fundo-rs.jpg\" alt=\"c\u00e2meras de seguran\u00e7a frederico westphalen de tekline em frederico westphalen\" width=\"343\" height=\"300\"  loading=\"lazy\" \/><\/a><p id=\"caption-attachment-747\" class=\"wp-caption-text\">c\u00e2meras de seguran\u00e7a frederico westphalen de tekline em frederico westphalen<\/p><\/div>\n<\/div>\n","protected":false},"excerpt":{"rendered":"<p>Fundada em mar\u00e7o de 2017, a tekline seguran\u00e7a iniciou ent\u00e3o sua caminhada, partindo de uma [&hellip;]<\/p>\n","protected":false},"author":1,"featured_media":0,"parent":0,"menu_order":0,"comment_status":"closed","ping_status":"closed","template":"","meta":[],"_links":{"self":[{"href":"https:\/\/www.teklinealarmes.com.br\/site\/wp-json\/wp\/v2\/pages\/9"}],"collection":[{"href":"https:\/\/www.teklinealarmes.com.br\/site\/wp-json\/wp\/v2\/pages"}],"about":[{"href":"https:\/\/www.teklinealarmes.com.br\/site\/wp-json\/wp\/v2\/types\/page"}],"author":[{"embeddable":true,"href":"https:\/\/www.teklinealarmes.com.br\/site\/wp-json\/wp\/v2\/users\/1"}],"replies":[{"embeddable":true,"href":"https:\/\/www.teklinealarmes.com.br\/site\/wp-json\/wp\/v2\/comments?post=9"}],"version-history":[{"count":8,"href":"https:\/\/www.teklinealarmes.com.br\/site\/wp-json\/wp\/v2\/pages\/9\/revisions"}],"predecessor-version":[{"id":68,"href":"https:\/\/www.teklinealarmes.com.br\/site\/wp-json\/wp\/v2\/pages\/9\/revisions\/68"}],"wp:attachment":[{"href":"https:\/\/www.teklinealarmes.com.br\/site\/wp-json\/wp\/v2\/media?parent=9"}],"curies":[{"name":"wp","href":"https:\/\/api.w.org\/{rel}","templated":true}]}}